[INFO] cloning repository https://github.com/About7Sharks/conwaysGameOfLifeWASM
[INFO] running `Command { std: "git" "-c" "credential.helper=" "-c" "credential.helper=/workspace/cargo-home/bin/git-credential-null" "clone" "--bare" "https://github.com/About7Sharks/conwaysGameOfLifeWASM" "/workspace/cache/git-repos/https%3A%2F%2Fgithub.com%2FAbout7Sharks%2FconwaysGameOfLifeWASM", kill_on_drop: false }`
[INFO] [stderr] Cloning into bare repository '/workspace/cache/git-repos/https%3A%2F%2Fgithub.com%2FAbout7Sharks%2FconwaysGameOfLifeWASM'...
[INFO] running `Command { std: "git" "rev-parse" "HEAD", kill_on_drop: false }`
[INFO] [stdout] 98f8467fe296c5496bd33b9cd3f779195798d8ca
[INFO] checking About7Sharks/conwaysGameOfLifeWASM against master#af3c6e733a40e671550e0f0f5aeecaa13772ba56 for pr-74989
[INFO] running `Command { std: "git" "clone" "/workspace/cache/git-repos/https%3A%2F%2Fgithub.com%2FAbout7Sharks%2FconwaysGameOfLifeWASM" "/workspace/builds/worker-4/source", kill_on_drop: false }`
[INFO] [stderr] Cloning into '/workspace/builds/worker-4/source'...
[INFO] [stderr] done.
[INFO] [stderr] Checking out files:   2% (205/9121)   
Checking out files:   3% (274/9121)   
Checking out files:   4% (365/9121)   
Checking out files:   5% (457/9121)   
Checking out files:   6% (548/9121)   
Checking out files:   7% (639/9121)   
Checking out files:   8% (730/9121)   
Checking out files:   8% (800/9121)   
Checking out files:   9% (821/9121)   
Checking out files:  10% (913/9121)   
Checking out files:  11% (1004/9121)   
Checking out files:  12% (1095/9121)   
Checking out files:  13% (1186/9121)   
Checking out files:  14% (1277/9121)   
Checking out files:  15% (1369/9121)   
Checking out files:  16% (1460/9121)   
Checking out files:  17% (1551/9121)   
Checking out files:  18% (1642/9121)   
Checking out files:  19% (1733/9121)   
Checking out files:  20% (1825/9121)   
Checking out files:  21% (1916/9121)   
Checking out files:  22% (2007/9121)   
Checking out files:  23% (2098/9121)   
Checking out files:  24% (2190/9121)   
Checking out files:  25% (2281/9121)   
Checking out files:  26% (2372/9121)   
Checking out files:  27% (2463/9121)   
Checking out files:  28% (2554/9121)   
Checking out files:  29% (2646/9121)   
Checking out files:  30% (2737/9121)   
Checking out files:  31% (2828/9121)   
Checking out files:  32% (2919/9121)   
Checking out files:  33% (3010/9121)   
Checking out files:  34% (3102/9121)   
Checking out files:  35% (3193/9121)   
Checking out files:  36% (3284/9121)   
Checking out files:  37% (3375/9121)   
Checking out files:  38% (3466/9121)   
Checking out files:  39% (3558/9121)   
Checking out files:  40% (3649/9121)   
Checking out files:  41% (3740/9121)   
Checking out files:  42% (3831/9121)   
Checking out files:  43% (3923/9121)   
Checking out files:  44% (4014/9121)   
Checking out files:  45% (4105/9121)   
Checking out files:  46% (4196/9121)   
Checking out files:  47% (4287/9121)   
Checking out files:  48% (4379/9121)   
Checking out files:  49% (4470/9121)   
Checking out files:  50% (4561/9121)   
Checking out files:  51% (4652/9121)   
Checking out files:  52% (4743/9121)   
Checking out files:  53% (4835/9121)   
Checking out files:  54% (4926/9121)   
Checking out files:  55% (5017/9121)   
Checking out files:  56% (5108/9121)   
Checking out files:  57% (5199/9121)   
Checking out files:  58% (5291/9121)   
Checking out files:  59% (5382/9121)   
Checking out files:  60% (5473/9121)   
Checking out files:  61% (5564/9121)   
Checking out files:  62% (5656/9121)   
Checking out files:  63% (5747/9121)   
Checking out files:  64% (5838/9121)   
Checking out files:  65% (5929/9121)   
Checking out files:  66% (6020/9121)   
Checking out files:  67% (6112/9121)   
Checking out files:  68% (6203/9121)   
Checking out files:  69% (6294/9121)   
Checking out files:  70% (6385/9121)   
Checking out files:  71% (6476/9121)   
Checking out files:  72% (6568/9121)   
Checking out files:  73% (6659/9121)   
Checking out files:  74% (6750/9121)   
Checking out files:  74% (6770/9121)   
Checking out files:  75% (6841/9121)   
Checking out files:  76% (6932/9121)   
Checking out files:  77% (7024/9121)   
Checking out files:  78% (7115/9121)   
Checking out files:  79% (7206/9121)   
Checking out files:  80% (7297/9121)   
Checking out files:  81% (7389/9121)   
Checking out files:  82% (7480/9121)   
Checking out files:  83% (7571/9121)   
Checking out files:  84% (7662/9121)   
Checking out files:  85% (7753/9121)   
Checking out files:  86% (7845/9121)   
Checking out files:  87% (7936/9121)   
Checking out files:  88% (8027/9121)   
Checking out files:  89% (8118/9121)   
Checking out files:  90% (8209/9121)   
Checking out files:  91% (8301/9121)   
Checking out files:  92% (8392/9121)   
Checking out files:  93% (8483/9121)   
Checking out files:  94% (8574/9121)   
Checking out files:  95% (8665/9121)   
Checking out files:  96% (8757/9121)   
Checking out files:  97% (8848/9121)   
Checking out files:  98% (8939/9121)   
Checking out files:  99% (9030/9121)   
Checking out files: 100% (9121/9121)   
Checking out files: 100% (9121/9121), done.
[INFO] validating manifest of git repo https://github.com/About7Sharks/conwaysGameOfLifeWASM on toolchain af3c6e733a40e671550e0f0f5aeecaa13772ba56
[INFO] running `Command { std: "/workspace/cargo-home/bin/cargo" "+af3c6e733a40e671550e0f0f5aeecaa13772ba56" "read-manifest" "--manifest-path" "Cargo.toml", kill_on_drop: false }`
[INFO] started tweaking git repo https://github.com/About7Sharks/conwaysGameOfLifeWASM
[INFO] finished tweaking git repo https://github.com/About7Sharks/conwaysGameOfLifeWASM
[INFO] tweaked toml for git repo https://github.com/About7Sharks/conwaysGameOfLifeWASM written to /workspace/builds/worker-4/source/Cargo.toml
[INFO] crate git repo https://github.com/About7Sharks/conwaysGameOfLifeWASM already has a lockfile, it will not be regenerated
[INFO] running `Command { std: "/workspace/cargo-home/bin/cargo" "+af3c6e733a40e671550e0f0f5aeecaa13772ba56" "fetch" "--locked" "--manifest-path" "Cargo.toml", kill_on_drop: false }`
[INFO] running `Command { std: "docker" "create" "-v" "/var/lib/crater-agent-workspace/builds/worker-4/target:/opt/rustwide/target:rw,Z" "-v" "/var/lib/crater-agent-workspace/builds/worker-4/source:/opt/rustwide/workdir:ro,Z" "-v" "/var/lib/crater-agent-workspace/cargo-home:/opt/rustwide/cargo-home:ro,Z" "-v" "/var/lib/crater-agent-workspace/rustup-home:/opt/rustwide/rustup-home:ro,Z" "-e" "SOURCE_DIR=/opt/rustwide/workdir" "-e" "CARGO_TARGET_DIR=/opt/rustwide/target" "-e" "CARGO_HOME=/opt/rustwide/cargo-home" "-e" "RUSTUP_HOME=/opt/rustwide/rustup-home" "-w" "/opt/rustwide/workdir" "-m" "1610612736" "--user" "0:0" "--network" "none" "rustops/crates-build-env@sha256:d92eaeed33fa75130ca1ee6c8a01d1ffb62bac859dfdfb3450e3e5d1c0146529" "/opt/rustwide/cargo-home/bin/cargo" "+af3c6e733a40e671550e0f0f5aeecaa13772ba56" "metadata" "--no-deps" "--format-version=1", kill_on_drop: false }`
[INFO] [stdout] 4dc5e3b20da4d631a621789694e3ba38de1555779ed47c01adb42d003a5bdf6a
[INFO] [stderr] WARNING: Your kernel does not support swap limit capabilities or the cgroup is not mounted. Memory limited without swap.
[INFO] running `Command { std: "docker" "start" "-a" "4dc5e3b20da4d631a621789694e3ba38de1555779ed47c01adb42d003a5bdf6a", kill_on_drop: false }`
[INFO] running `Command { std: "docker" "inspect" "4dc5e3b20da4d631a621789694e3ba38de1555779ed47c01adb42d003a5bdf6a", kill_on_drop: false }`
[INFO] running `Command { std: "docker" "rm" "-f" "4dc5e3b20da4d631a621789694e3ba38de1555779ed47c01adb42d003a5bdf6a", kill_on_drop: false }`
[INFO] [stdout] 4dc5e3b20da4d631a621789694e3ba38de1555779ed47c01adb42d003a5bdf6a
[INFO] running `Command { std: "docker" "create" "-v" "/var/lib/crater-agent-workspace/builds/worker-4/target:/opt/rustwide/target:rw,Z" "-v" "/var/lib/crater-agent-workspace/builds/worker-4/source:/opt/rustwide/workdir:ro,Z" "-v" "/var/lib/crater-agent-workspace/cargo-home:/opt/rustwide/cargo-home:ro,Z" "-v" "/var/lib/crater-agent-workspace/rustup-home:/opt/rustwide/rustup-home:ro,Z" "-e" "SOURCE_DIR=/opt/rustwide/workdir" "-e" "CARGO_TARGET_DIR=/opt/rustwide/target" "-e" "CARGO_INCREMENTAL=0" "-e" "RUST_BACKTRACE=full" "-e" "RUSTFLAGS=--cap-lints=forbid" "-e" "CARGO_HOME=/opt/rustwide/cargo-home" "-e" "RUSTUP_HOME=/opt/rustwide/rustup-home" "-w" "/opt/rustwide/workdir" "-m" "1610612736" "--user" "0:0" "--network" "none" "rustops/crates-build-env@sha256:d92eaeed33fa75130ca1ee6c8a01d1ffb62bac859dfdfb3450e3e5d1c0146529" "/opt/rustwide/cargo-home/bin/cargo" "+af3c6e733a40e671550e0f0f5aeecaa13772ba56" "check" "--frozen" "--all" "--all-targets" "--message-format=json", kill_on_drop: false }`
[INFO] [stdout] 9fd5535b4a2fd458bccbda238552ae4bd215e1168674c21b1011f850a8e069ec
[INFO] [stderr] WARNING: Your kernel does not support swap limit capabilities or the cgroup is not mounted. Memory limited without swap.
[INFO] running `Command { std: "docker" "start" "-a" "9fd5535b4a2fd458bccbda238552ae4bd215e1168674c21b1011f850a8e069ec", kill_on_drop: false }`
[INFO] [stderr]    Compiling proc-macro2 v1.0.6
[INFO] [stderr]    Compiling unicode-xid v0.2.0
[INFO] [stderr]    Compiling syn v1.0.11
[INFO] [stderr]    Compiling log v0.4.8
[INFO] [stderr]    Compiling wasm-bindgen-shared v0.2.56
[INFO] [stderr]    Compiling cfg-if v0.1.10
[INFO] [stderr]    Compiling lazy_static v1.4.0
[INFO] [stderr]    Compiling bumpalo v2.6.0
[INFO] [stderr]    Compiling memchr v2.2.1
[INFO] [stderr]    Compiling version_check v0.1.5
[INFO] [stderr]    Compiling wasm-bindgen v0.2.56
[INFO] [stderr]    Compiling anyhow v1.0.26
[INFO] [stderr]    Compiling unicode-segmentation v1.6.0
[INFO] [stderr]    Compiling proc-macro2 v0.4.30
[INFO] [stderr]    Compiling libc v0.2.66
[INFO] [stderr]    Compiling sourcefile v0.1.4
[INFO] [stderr]    Compiling wee_alloc v0.4.5
[INFO] [stderr]     Checking futures v0.1.29
[INFO] [stderr]     Checking memory_units v0.4.0
[INFO] [stderr]     Checking scoped-tls v1.0.0
[INFO] [stderr]    Compiling nom v4.2.3
[INFO] [stderr]    Compiling heck v0.3.1
[INFO] [stderr]    Compiling quote v0.6.13
[INFO] [stderr]    Compiling quote v1.0.2
[INFO] [stderr]    Compiling wasm-bindgen-test-macro v0.2.50
[INFO] [stderr]    Compiling weedle v0.10.0
[INFO] [stderr]    Compiling wasm-bindgen-backend v0.2.56
[INFO] [stderr]    Compiling wasm-bindgen-macro-support v0.2.56
[INFO] [stderr]    Compiling wasm-bindgen-webidl v0.2.56
[INFO] [stderr]    Compiling wasm-bindgen-macro v0.2.56
[INFO] [stderr]    Compiling web-sys v0.3.33
[INFO] [stderr]     Checking js-sys v0.3.33
[INFO] [stderr]     Checking console_error_panic_hook v0.1.6
[INFO] [stdout] error: return value of constructor must be a bare path
[INFO] [stdout]     --> /opt/rustwide/cargo-home/registry/src/github.com-1ecc6299db9ec823/js-sys-0.3.33/src/lib.rs:4752:13
[INFO] [stdout]      |
[INFO] [stdout] 4752 | /             /// The
[INFO] [stdout] 4753 | |             #[doc = $ctor]
[INFO] [stdout] 4754 | |             /// constructor creates an array of unsigned 8-bit integers.
[INFO] [stdout] 4755 | |             ///
[INFO] [stdout] ...    |
[INFO] [stdout] 4759 | |             #[wasm_bindgen(constructor)]
[INFO] [stdout] 4760 | |             pub fn new(constructor_arg: &JsValue) -> $name;
[INFO] [stdout]      | |___________________________________________________________^
[INFO] [stdout] ...
[INFO] [stdout] 4947 | / arrays! {
[INFO] [stdout] 4948 | |     /// `Int8Array()`
[INFO] [stdout] 4949 | |     /// https://developer.mozilla.org/en-US/docs/Web/JavaScript/Reference/Global_Objects/Int8Array
[INFO] [stdout] 4950 | |     Int8Array: i8,
[INFO] [stdout] ...    |
[INFO] [stdout] 4982 | |     Float64Array: f64,
[INFO] [stdout] 4983 | | }
[INFO] [stdout]      | |_- in this macro invocation
[INFO] [stdout]      |
[INFO] [stdout]      = note: this error originates in a macro (in Nightly builds, run with -Z macro-backtrace for more info)
[INFO] [stdout] 
[INFO] [stdout] 
[INFO] [stdout] error: return value of constructor must be a bare path
[INFO] [stdout]     --> /opt/rustwide/cargo-home/registry/src/github.com-1ecc6299db9ec823/js-sys-0.3.33/src/lib.rs:4762:13
[INFO] [stdout]      |
[INFO] [stdout] 4762 | /             /// An
[INFO] [stdout] 4763 | |             #[doc = $ctor]
[INFO] [stdout] 4764 | |             /// which creates an array with an internal buffer large
[INFO] [stdout] 4765 | |             /// enough for `length` elements.
[INFO] [stdout] ...    |
[INFO] [stdout] 4770 | |             #[wasm_bindgen(constructor)]
[INFO] [stdout] 4771 | |             pub fn new_with_length(length: u32) -> $name;
[INFO] [stdout]      | |_________________________________________________________^
[INFO] [stdout] ...
[INFO] [stdout] 4947 | / arrays! {
[INFO] [stdout] 4948 | |     /// `Int8Array()`
[INFO] [stdout] 4949 | |     /// https://developer.mozilla.org/en-US/docs/Web/JavaScript/Reference/Global_Objects/Int8Array
[INFO] [stdout] 4950 | |     Int8Array: i8,
[INFO] [stdout] ...    |
[INFO] [stdout] 4982 | |     Float64Array: f64,
[INFO] [stdout] 4983 | | }
[INFO] [stdout]      | |_- in this macro invocation
[INFO] [stdout]      |
[INFO] [stdout]      = note: this error originates in a macro (in Nightly builds, run with -Z macro-backtrace for more info)
[INFO] [stdout] 
[INFO] [stdout] 
[INFO] [stdout] error: return value of constructor must be a bare path
[INFO] [stdout]     --> /opt/rustwide/cargo-home/registry/src/github.com-1ecc6299db9ec823/js-sys-0.3.33/src/lib.rs:4773:13
[INFO] [stdout]      |
[INFO] [stdout] 4773 | /             /// An
[INFO] [stdout] 4774 | |             #[doc = $ctor]
[INFO] [stdout] 4775 | |             /// which creates an array with the given buffer but is a
[INFO] [stdout] 4776 | |             /// view starting at `byte_offset`.
[INFO] [stdout] ...    |
[INFO] [stdout] 4781 | |             #[wasm_bindgen(constructor)]
[INFO] [stdout] 4782 | |             pub fn new_with_byte_offset(buffer: &JsValue, byte_offset: u32) -> $name;
[INFO] [stdout]      | |_____________________________________________________________________________________^
[INFO] [stdout] ...
[INFO] [stdout] 4947 | / arrays! {
[INFO] [stdout] 4948 | |     /// `Int8Array()`
[INFO] [stdout] 4949 | |     /// https://developer.mozilla.org/en-US/docs/Web/JavaScript/Reference/Global_Objects/Int8Array
[INFO] [stdout] 4950 | |     Int8Array: i8,
[INFO] [stdout] ...    |
[INFO] [stdout] 4982 | |     Float64Array: f64,
[INFO] [stdout] 4983 | | }
[INFO] [stdout]      | |_- in this macro invocation
[INFO] [stdout]      |
[INFO] [stdout]      = note: this error originates in a macro (in Nightly builds, run with -Z macro-backtrace for more info)
[INFO] [stdout] 
[INFO] [stdout] 
[INFO] [stdout] error: return value of constructor must be a bare path
[INFO] [stdout]     --> /opt/rustwide/cargo-home/registry/src/github.com-1ecc6299db9ec823/js-sys-0.3.33/src/lib.rs:4784:13
[INFO] [stdout]      |
[INFO] [stdout] 4784 | /             /// An
[INFO] [stdout] 4785 | |             #[doc = $ctor]
[INFO] [stdout] 4786 | |             /// which creates an array with the given buffer but is a
[INFO] [stdout] 4787 | |             /// view starting at `byte_offset` for `length` elements.
[INFO] [stdout] ...    |
[INFO] [stdout] 4796 | |                 length: u32,
[INFO] [stdout] 4797 | |             ) -> $name;
[INFO] [stdout]      | |_______________________^
[INFO] [stdout] ...
[INFO] [stdout] 4947 | / arrays! {
[INFO] [stdout] 4948 | |     /// `Int8Array()`
[INFO] [stdout] 4949 | |     /// https://developer.mozilla.org/en-US/docs/Web/JavaScript/Reference/Global_Objects/Int8Array
[INFO] [stdout] 4950 | |     Int8Array: i8,
[INFO] [stdout] ...    |
[INFO] [stdout] 4982 | |     Float64Array: f64,
[INFO] [stdout] 4983 | | }
[INFO] [stdout]      | |_- in this macro invocation
[INFO] [stdout]      |
[INFO] [stdout]      = note: this error originates in a macro (in Nightly builds, run with -Z macro-backtrace for more info)
[INFO] [stdout] 
[INFO] [stdout] 
[INFO] [stdout] error: first argument of method must be a path
[INFO] [stdout]     --> /opt/rustwide/cargo-home/registry/src/github.com-1ecc6299db9ec823/js-sys-0.3.33/src/lib.rs:4804:32
[INFO] [stdout]      |
[INFO] [stdout] 4804 |               pub fn fill(this: &$name, value: $ty, start: u32, end: u32) -> $name;
[INFO] [stdout]      |                                  ^^^^^
[INFO] [stdout] ...
[INFO] [stdout] 4947 | / arrays! {
[INFO] [stdout] 4948 | |     /// `Int8Array()`
[INFO] [stdout] 4949 | |     /// https://developer.mozilla.org/en-US/docs/Web/JavaScript/Reference/Global_Objects/Int8Array
[INFO] [stdout] 4950 | |     Int8Array: i8,
[INFO] [stdout] ...    |
[INFO] [stdout] 4982 | |     Float64Array: f64,
[INFO] [stdout] 4983 | | }
[INFO] [stdout]      | |_- in this macro invocation
[INFO] [stdout]      |
[INFO] [stdout]      = note: this error originates in a macro (in Nightly builds, run with -Z macro-backtrace for more info)
[INFO] [stdout] 
[INFO] [stdout] 
[INFO] [stdout] error: first argument of method must be a path
[INFO] [stdout]     --> /opt/rustwide/cargo-home/registry/src/github.com-1ecc6299db9ec823/js-sys-0.3.33/src/lib.rs:4809:34
[INFO] [stdout]      |
[INFO] [stdout] 4809 |               pub fn buffer(this: &$name) -> ArrayBuffer;
[INFO] [stdout]      |                                    ^^^^^
[INFO] [stdout] ...
[INFO] [stdout] 4947 | / arrays! {
[INFO] [stdout] 4948 | |     /// `Int8Array()`
[INFO] [stdout] 4949 | |     /// https://developer.mozilla.org/en-US/docs/Web/JavaScript/Reference/Global_Objects/Int8Array
[INFO] [stdout] 4950 | |     Int8Array: i8,
[INFO] [stdout] ...    |
[INFO] [stdout] 4982 | |     Float64Array: f64,
[INFO] [stdout] 4983 | | }
[INFO] [stdout]      | |_- in this macro invocation
[INFO] [stdout]      |
[INFO] [stdout]      = note: this error originates in a macro (in Nightly builds, run with -Z macro-backtrace for more info)
[INFO] [stdout] 
[INFO] [stdout] 
[INFO] [stdout] error: first argument of method must be a path
[INFO] [stdout]     --> /opt/rustwide/cargo-home/registry/src/github.com-1ecc6299db9ec823/js-sys-0.3.33/src/lib.rs:4814:36
[INFO] [stdout]      |
[INFO] [stdout] 4814 |               pub fn subarray(this: &$name, begin: u32, end: u32) -> $name;
[INFO] [stdout]      |                                      ^^^^^
[INFO] [stdout] ...
[INFO] [stdout] 4947 | / arrays! {
[INFO] [stdout] 4948 | |     /// `Int8Array()`
[INFO] [stdout] 4949 | |     /// https://developer.mozilla.org/en-US/docs/Web/JavaScript/Reference/Global_Objects/Int8Array
[INFO] [stdout] 4950 | |     Int8Array: i8,
[INFO] [stdout] ...    |
[INFO] [stdout] 4982 | |     Float64Array: f64,
[INFO] [stdout] 4983 | | }
[INFO] [stdout]      | |_- in this macro invocation
[INFO] [stdout]      |
[INFO] [stdout]      = note: this error originates in a macro (in Nightly builds, run with -Z macro-backtrace for more info)
[INFO] [stdout] 
[INFO] [stdout] 
[INFO] [stdout] error: first argument of method must be a path
[INFO] [stdout]     --> /opt/rustwide/cargo-home/registry/src/github.com-1ecc6299db9ec823/js-sys-0.3.33/src/lib.rs:4820:33
[INFO] [stdout]      |
[INFO] [stdout] 4820 |               pub fn slice(this: &$name, begin: u32, end: u32) -> $name;
[INFO] [stdout]      |                                   ^^^^^
[INFO] [stdout] ...
[INFO] [stdout] 4947 | / arrays! {
[INFO] [stdout] 4948 | |     /// `Int8Array()`
[INFO] [stdout] 4949 | |     /// https://developer.mozilla.org/en-US/docs/Web/JavaScript/Reference/Global_Objects/Int8Array
[INFO] [stdout] 4950 | |     Int8Array: i8,
[INFO] [stdout] ...    |
[INFO] [stdout] 4982 | |     Float64Array: f64,
[INFO] [stdout] 4983 | | }
[INFO] [stdout]      | |_- in this macro invocation
[INFO] [stdout]      |
[INFO] [stdout]      = note: this error originates in a macro (in Nightly builds, run with -Z macro-backtrace for more info)
[INFO] [stdout] 
[INFO] [stdout] 
[INFO] [stdout] error: first argument of method must be a path
[INFO] [stdout]     --> /opt/rustwide/cargo-home/registry/src/github.com-1ecc6299db9ec823/js-sys-0.3.33/src/lib.rs:4827:36
[INFO] [stdout]      |
[INFO] [stdout] 4827 |               pub fn for_each(this: &$name, callback: &mut dyn FnMut($ty, u32, $name));
[INFO] [stdout]      |                                      ^^^^^
[INFO] [stdout] ...
[INFO] [stdout] 4947 | / arrays! {
[INFO] [stdout] 4948 | |     /// `Int8Array()`
[INFO] [stdout] 4949 | |     /// https://developer.mozilla.org/en-US/docs/Web/JavaScript/Reference/Global_Objects/Int8Array
[INFO] [stdout] 4950 | |     Int8Array: i8,
[INFO] [stdout] ...    |
[INFO] [stdout] 4982 | |     Float64Array: f64,
[INFO] [stdout] 4983 | | }
[INFO] [stdout]      | |_- in this macro invocation
[INFO] [stdout]      |
[INFO] [stdout]      = note: this error originates in a macro (in Nightly builds, run with -Z macro-backtrace for more info)
[INFO] [stdout] 
[INFO] [stdout] 
[INFO] [stdout] error: first argument of method must be a path
[INFO] [stdout]     --> /opt/rustwide/cargo-home/registry/src/github.com-1ecc6299db9ec823/js-sys-0.3.33/src/lib.rs:4832:34
[INFO] [stdout]      |
[INFO] [stdout] 4832 |               pub fn length(this: &$name) -> u32;
[INFO] [stdout]      |                                    ^^^^^
[INFO] [stdout] ...
[INFO] [stdout] 4947 | / arrays! {
[INFO] [stdout] 4948 | |     /// `Int8Array()`
[INFO] [stdout] 4949 | |     /// https://developer.mozilla.org/en-US/docs/Web/JavaScript/Reference/Global_Objects/Int8Array
[INFO] [stdout] 4950 | |     Int8Array: i8,
[INFO] [stdout] ...    |
[INFO] [stdout] 4982 | |     Float64Array: f64,
[INFO] [stdout] 4983 | | }
[INFO] [stdout]      | |_- in this macro invocation
[INFO] [stdout]      |
[INFO] [stdout]      = note: this error originates in a macro (in Nightly builds, run with -Z macro-backtrace for more info)
[INFO] [stdout] 
[INFO] [stdout] 
[INFO] [stdout] error: first argument of method must be a path
[INFO] [stdout]     --> /opt/rustwide/cargo-home/registry/src/github.com-1ecc6299db9ec823/js-sys-0.3.33/src/lib.rs:4837:39
[INFO] [stdout]      |
[INFO] [stdout] 4837 |               pub fn byte_length(this: &$name) -> u32;
[INFO] [stdout]      |                                         ^^^^^
[INFO] [stdout] ...
[INFO] [stdout] 4947 | / arrays! {
[INFO] [stdout] 4948 | |     /// `Int8Array()`
[INFO] [stdout] 4949 | |     /// https://developer.mozilla.org/en-US/docs/Web/JavaScript/Reference/Global_Objects/Int8Array
[INFO] [stdout] 4950 | |     Int8Array: i8,
[INFO] [stdout] ...    |
[INFO] [stdout] 4982 | |     Float64Array: f64,
[INFO] [stdout] 4983 | | }
[INFO] [stdout]      | |_- in this macro invocation
[INFO] [stdout]      |
[INFO] [stdout]      = note: this error originates in a macro (in Nightly builds, run with -Z macro-backtrace for more info)
[INFO] [stdout] 
[INFO] [stdout] 
[INFO] [stdout] error: first argument of method must be a path
[INFO] [stdout]     --> /opt/rustwide/cargo-home/registry/src/github.com-1ecc6299db9ec823/js-sys-0.3.33/src/lib.rs:4842:39
[INFO] [stdout]      |
[INFO] [stdout] 4842 |               pub fn byte_offset(this: &$name) -> u32;
[INFO] [stdout]      |                                         ^^^^^
[INFO] [stdout] ...
[INFO] [stdout] 4947 | / arrays! {
[INFO] [stdout] 4948 | |     /// `Int8Array()`
[INFO] [stdout] 4949 | |     /// https://developer.mozilla.org/en-US/docs/Web/JavaScript/Reference/Global_Objects/Int8Array
[INFO] [stdout] 4950 | |     Int8Array: i8,
[INFO] [stdout] ...    |
[INFO] [stdout] 4982 | |     Float64Array: f64,
[INFO] [stdout] 4983 | | }
[INFO] [stdout]      | |_- in this macro invocation
[INFO] [stdout]      |
[INFO] [stdout]      = note: this error originates in a macro (in Nightly builds, run with -Z macro-backtrace for more info)
[INFO] [stdout] 
[INFO] [stdout] 
[INFO] [stdout] error: first argument of method must be a path
[INFO] [stdout]     --> /opt/rustwide/cargo-home/registry/src/github.com-1ecc6299db9ec823/js-sys-0.3.33/src/lib.rs:4847:31
[INFO] [stdout]      |
[INFO] [stdout] 4847 |               pub fn set(this: &$name, src: &JsValue, offset: u32);
[INFO] [stdout]      |                                 ^^^^^
[INFO] [stdout] ...
[INFO] [stdout] 4947 | / arrays! {
[INFO] [stdout] 4948 | |     /// `Int8Array()`
[INFO] [stdout] 4949 | |     /// https://developer.mozilla.org/en-US/docs/Web/JavaScript/Reference/Global_Objects/Int8Array
[INFO] [stdout] 4950 | |     Int8Array: i8,
[INFO] [stdout] ...    |
[INFO] [stdout] 4982 | |     Float64Array: f64,
[INFO] [stdout] 4983 | | }
[INFO] [stdout]      | |_- in this macro invocation
[INFO] [stdout]      |
[INFO] [stdout]      = note: this error originates in a macro (in Nightly builds, run with -Z macro-backtrace for more info)
[INFO] [stdout] 
[INFO] [stdout] 
[INFO] [stdout] error[E0433]: failed to resolve: use of undeclared type or module `Int8Array`
[INFO] [stdout]     --> /opt/rustwide/cargo-home/registry/src/github.com-1ecc6299db9ec823/js-sys-0.3.33/src/lib.rs:4950:5
[INFO] [stdout]      |
[INFO] [stdout] 4950 |     Int8Array: i8,
[INFO] [stdout]      |     ^^^^^^^^^ use of undeclared type or module `Int8Array`
[INFO] [stdout] 
[INFO] [stdout] 
[INFO] [stdout] error[E0433]: failed to resolve: use of undeclared type or module `Int16Array`
[INFO] [stdout]     --> /opt/rustwide/cargo-home/registry/src/github.com-1ecc6299db9ec823/js-sys-0.3.33/src/lib.rs:4954:5
[INFO] [stdout]      |
[INFO] [stdout] 4954 |     Int16Array: i16,
[INFO] [stdout]      |     ^^^^^^^^^^ use of undeclared type or module `Int16Array`
[INFO] [stdout] 
[INFO] [stdout] 
[INFO] [stdout] error[E0433]: failed to resolve: use of undeclared type or module `Int32Array`
[INFO] [stdout]     --> /opt/rustwide/cargo-home/registry/src/github.com-1ecc6299db9ec823/js-sys-0.3.33/src/lib.rs:4958:5
[INFO] [stdout]      |
[INFO] [stdout] 4958 |     Int32Array: i32,
[INFO] [stdout]      |     ^^^^^^^^^^ use of undeclared type or module `Int32Array`
[INFO] [stdout] 
[INFO] [stdout] 
[INFO] [stdout] error[E0433]: failed to resolve: use of undeclared type or module `Uint8Array`
[INFO] [stdout]     --> /opt/rustwide/cargo-home/registry/src/github.com-1ecc6299db9ec823/js-sys-0.3.33/src/lib.rs:4962:5
[INFO] [stdout]      |
[INFO] [stdout] 4962 |     Uint8Array: u8,
[INFO] [stdout]      |     ^^^^^^^^^^ use of undeclared type or module `Uint8Array`
[INFO] [stdout] 
[INFO] [stdout] 
[INFO] [stdout] error[E0433]: failed to resolve: use of undeclared type or module `Uint8ClampedArray`
[INFO] [stdout]     --> /opt/rustwide/cargo-home/registry/src/github.com-1ecc6299db9ec823/js-sys-0.3.33/src/lib.rs:4966:5
[INFO] [stdout]      |
[INFO] [stdout] 4966 |     Uint8ClampedArray: u8,
[INFO] [stdout]      |     ^^^^^^^^^^^^^^^^^ use of undeclared type or module `Uint8ClampedArray`
[INFO] [stdout] 
[INFO] [stdout] 
[INFO] [stdout] error[E0433]: failed to resolve: use of undeclared type or module `Uint16Array`
[INFO] [stdout]     --> /opt/rustwide/cargo-home/registry/src/github.com-1ecc6299db9ec823/js-sys-0.3.33/src/lib.rs:4970:5
[INFO] [stdout]      |
[INFO] [stdout] 4970 |     Uint16Array: u16,
[INFO] [stdout]      |     ^^^^^^^^^^^ use of undeclared type or module `Uint16Array`
[INFO] [stdout] 
[INFO] [stdout] 
[INFO] [stdout] error[E0433]: failed to resolve: use of undeclared type or module `Uint32Array`
[INFO] [stdout]     --> /opt/rustwide/cargo-home/registry/src/github.com-1ecc6299db9ec823/js-sys-0.3.33/src/lib.rs:4974:5
[INFO] [stdout]      |
[INFO] [stdout] 4974 |     Uint32Array: u32,
[INFO] [stdout]      |     ^^^^^^^^^^^ use of undeclared type or module `Uint32Array`
[INFO] [stdout] 
[INFO] [stdout] 
[INFO] [stdout] error[E0433]: failed to resolve: use of undeclared type or module `Float32Array`
[INFO] [stdout]     --> /opt/rustwide/cargo-home/registry/src/github.com-1ecc6299db9ec823/js-sys-0.3.33/src/lib.rs:4978:5
[INFO] [stdout]      |
[INFO] [stdout] 4978 |     Float32Array: f32,
[INFO] [stdout]      |     ^^^^^^^^^^^^ use of undeclared type or module `Float32Array`
[INFO] [stdout] 
[INFO] [stdout] 
[INFO] [stdout] error[E0433]: failed to resolve: use of undeclared type or module `Float64Array`
[INFO] [stdout]     --> /opt/rustwide/cargo-home/registry/src/github.com-1ecc6299db9ec823/js-sys-0.3.33/src/lib.rs:4982:5
[INFO] [stdout]      |
[INFO] [stdout] 4982 |     Float64Array: f64,
[INFO] [stdout]      |     ^^^^^^^^^^^^ use of undeclared type or module `Float64Array`
[INFO] [stdout] 
[INFO] [stdout] 
[INFO] [stdout] error[E0412]: cannot find type `Int32Array` in this scope
[INFO] [stdout]    --> /opt/rustwide/cargo-home/registry/src/github.com-1ecc6299db9ec823/js-sys-0.3.33/src/lib.rs:699:37
[INFO] [stdout]     |
[INFO] [stdout] 699 |         pub fn notify(typed_array: &Int32Array, index: u32) -> Result<u32, JsValue>;
[INFO] [stdout]     |                                     ^^^^^^^^^^ not found in this scope
[INFO] [stdout] 
[INFO] [stdout] 
[INFO] [stdout] error[E0412]: cannot find type `Int32Array` in this scope
[INFO] [stdout]    --> /opt/rustwide/cargo-home/registry/src/github.com-1ecc6299db9ec823/js-sys-0.3.33/src/lib.rs:704:27
[INFO] [stdout]     |
[INFO] [stdout] 704 |             typed_array: &Int32Array,
[INFO] [stdout]     |                           ^^^^^^^^^^ not found in this scope
[INFO] [stdout] 
[INFO] [stdout] 
[INFO] [stdout] error[E0412]: cannot find type `Int32Array` in this scope
[INFO] [stdout]    --> /opt/rustwide/cargo-home/registry/src/github.com-1ecc6299db9ec823/js-sys-0.3.33/src/lib.rs:743:35
[INFO] [stdout]     |
[INFO] [stdout] 743 |         pub fn wait(typed_array: &Int32Array, index: u32, value: i32) -> Result<JsString, JsValue>;
[INFO] [stdout]     |                                   ^^^^^^^^^^ not found in this scope
[INFO] [stdout] 
[INFO] [stdout] 
[INFO] [stdout] error[E0412]: cannot find type `Int32Array` in this scope
[INFO] [stdout]    --> /opt/rustwide/cargo-home/registry/src/github.com-1ecc6299db9ec823/js-sys-0.3.33/src/lib.rs:750:27
[INFO] [stdout]     |
[INFO] [stdout] 750 |             typed_array: &Int32Array,
[INFO] [stdout]     |                           ^^^^^^^^^^ not found in this scope
[INFO] [stdout] 
[INFO] [stdout] 
[INFO] [stdout] error[E0412]: cannot find type `Int8Array` in this scope
[INFO] [stdout]     --> /opt/rustwide/cargo-home/registry/src/github.com-1ecc6299db9ec823/js-sys-0.3.33/src/lib.rs:4950:5
[INFO] [stdout]      |
[INFO] [stdout] 4950 |     Int8Array: i8,
[INFO] [stdout]      |     ^^^^^^^^^ not found in this scope
[INFO] [stdout] 
[INFO] [stdout] 
[INFO] [stdout] error[E0412]: cannot find type `Int16Array` in this scope
[INFO] [stdout]     --> /opt/rustwide/cargo-home/registry/src/github.com-1ecc6299db9ec823/js-sys-0.3.33/src/lib.rs:4954:5
[INFO] [stdout]      |
[INFO] [stdout] 4954 |     Int16Array: i16,
[INFO] [stdout]      |     ^^^^^^^^^^ not found in this scope
[INFO] [stdout] 
[INFO] [stdout] 
[INFO] [stdout] error[E0412]: cannot find type `Int32Array` in this scope
[INFO] [stdout]     --> /opt/rustwide/cargo-home/registry/src/github.com-1ecc6299db9ec823/js-sys-0.3.33/src/lib.rs:4958:5
[INFO] [stdout]      |
[INFO] [stdout] 4958 |     Int32Array: i32,
[INFO] [stdout]      |     ^^^^^^^^^^ not found in this scope
[INFO] [stdout] 
[INFO] [stdout] 
[INFO] [stdout] error[E0412]: cannot find type `Uint8Array` in this scope
[INFO] [stdout]     --> /opt/rustwide/cargo-home/registry/src/github.com-1ecc6299db9ec823/js-sys-0.3.33/src/lib.rs:4962:5
[INFO] [stdout]      |
[INFO] [stdout] 4962 |     Uint8Array: u8,
[INFO] [stdout]      |     ^^^^^^^^^^ not found in this scope
[INFO] [stdout] 
[INFO] [stdout] 
[INFO] [stdout] error[E0412]: cannot find type `Uint8ClampedArray` in this scope
[INFO] [stdout]     --> /opt/rustwide/cargo-home/registry/src/github.com-1ecc6299db9ec823/js-sys-0.3.33/src/lib.rs:4966:5
[INFO] [stdout]      |
[INFO] [stdout] 4966 |     Uint8ClampedArray: u8,
[INFO] [stdout]      |     ^^^^^^^^^^^^^^^^^ not found in this scope
[INFO] [stdout] 
[INFO] [stdout] 
[INFO] [stdout] error[E0412]: cannot find type `Uint16Array` in this scope
[INFO] [stdout]     --> /opt/rustwide/cargo-home/registry/src/github.com-1ecc6299db9ec823/js-sys-0.3.33/src/lib.rs:4970:5
[INFO] [stdout]      |
[INFO] [stdout] 4970 |     Uint16Array: u16,
[INFO] [stdout]      |     ^^^^^^^^^^^ not found in this scope
[INFO] [stdout] 
[INFO] [stdout] 
[INFO] [stdout] error[E0412]: cannot find type `Uint32Array` in this scope
[INFO] [stdout]     --> /opt/rustwide/cargo-home/registry/src/github.com-1ecc6299db9ec823/js-sys-0.3.33/src/lib.rs:4974:5
[INFO] [stdout]      |
[INFO] [stdout] 4974 |     Uint32Array: u32,
[INFO] [stdout]      |     ^^^^^^^^^^^ not found in this scope
[INFO] [stdout] 
[INFO] [stdout] 
[INFO] [stdout] error[E0412]: cannot find type `Float32Array` in this scope
[INFO] [stdout]     --> /opt/rustwide/cargo-home/registry/src/github.com-1ecc6299db9ec823/js-sys-0.3.33/src/lib.rs:4978:5
[INFO] [stdout]      |
[INFO] [stdout] 4978 |     Float32Array: f32,
[INFO] [stdout]      |     ^^^^^^^^^^^^ not found in this scope
[INFO] [stdout] 
[INFO] [stdout] 
[INFO] [stdout] error[E0412]: cannot find type `Float64Array` in this scope
[INFO] [stdout]     --> /opt/rustwide/cargo-home/registry/src/github.com-1ecc6299db9ec823/js-sys-0.3.33/src/lib.rs:4982:5
[INFO] [stdout]      |
[INFO] [stdout] 4982 |     Float64Array: f64,
[INFO] [stdout]      |     ^^^^^^^^^^^^ not found in this scope
[INFO] [stdout] 
[INFO] [stdout] 
[INFO] [stdout] error: aborting due to 35 previous errors
[INFO] [stdout] 
[INFO] [stdout] 
[INFO] [stdout] Some errors have detailed explanations: E0412, E0433.
[INFO] [stdout] 
[INFO] [stdout] For more information about an error, try `rustc --explain E0412`.
[INFO] [stdout] 
[INFO] [stderr] error: could not compile `js-sys`.
[INFO] [stderr] 
[INFO] [stderr] To learn more, run the command again with --verbose.
[INFO] [stderr] warning: build failed, waiting for other jobs to finish...
[INFO] [stderr] error: build failed
[INFO] running `Command { std: "docker" "inspect" "9fd5535b4a2fd458bccbda238552ae4bd215e1168674c21b1011f850a8e069ec", kill_on_drop: false }`
[INFO] running `Command { std: "docker" "rm" "-f" "9fd5535b4a2fd458bccbda238552ae4bd215e1168674c21b1011f850a8e069ec", kill_on_drop: false }`
[INFO] [stdout] 9fd5535b4a2fd458bccbda238552ae4bd215e1168674c21b1011f850a8e069ec
